9
What are the prime factors of 1272261869?
19, 761, 87991
List the prime factors of 15665290.
2, 5, 1566529
What are the prime factors of 6103596?
2, 3, 191, 2663
What are the prime factors of 544434672?
2, 3, 347, 32687
List the prime factors of 236882389.
236882389
What are the prime factors of 107605627?
131, 563, 1459
List the prime factors of 37076974.
2, 11, 1685317
List the prime factors of 16129222.
2, 727, 11093
List the prime factors of 216481719.
3, 73, 988501
List the prime factors of 3148653609.
3, 19, 23, 800573
List the prime factors of 132311022.
2, 3, 19, 113, 10271
List the prime factors of 2864179795.
5, 19, 30149261
What are the prime factors of 80356926?
2, 3, 13, 17, 60601
What are the prime factors of 851919533?
179, 4759327
List the prime factors of 594484980.
2, 3, 5, 449, 22067
What are the prime factors of 6210647046?
2, 3, 61, 139, 40693
What are the prime factors of 166874883?
3, 7, 1951, 4073
What are the prime factors of 504589081?
1951, 258631
List the prime factors of 59056975.
5, 2362279
List the prime factors of 146927577.
3, 48975859
What are the prime factors of 16831307?
251, 67057
List the prime factors of 63448968.
2, 3, 11, 149, 1613
What are the prime factors of 1495940339?
59, 3469, 7309
List the prime factors of 108265746.
2, 3, 18044291
What are the prime factors of 58707464?
2, 53, 138461
What are the prime factors of 68181693?
3, 22727231
List the prime factors of 3282062492.
2, 457, 1795439
List the prime factors of 1024603827.
3, 13, 389, 67537
What are the prime factors of 463441085?
5, 92688217
List the prime factors of 1667495788.
2, 7, 2111, 28211
What are the prime factors of 271649372?
2, 83, 443, 1847
List the prime factors of 76544875.
5, 11, 179, 311
List the prime factors of 43653719.
43653719
What are the prime factors of 752441844?
2, 3, 7, 11, 16619
List the prime factors of 2577335263.
79, 32624497
List the prime factors of 83932656.
2, 3, 1009, 1733
List the prime factors of 515122709.
515122709
List the prime factors of 121948794.
2, 3, 11, 239, 859
What are the prime factors of 1756769845?
5, 31, 41, 276439
What are the prime factors of 393086674?
2, 59, 1423, 2341
What are the prime factors of 292183202?
2, 2339, 62459
List the prime factors of 286951291.
11, 26086481
List the prime factors of 519971171.
2531, 205441
List the prime factors of 3453021878.
2, 17, 23, 487, 9067
What are the prime factors of 5174675739?
3, 1319, 145303
List the prime factors of 2311678374.
2, 3, 251, 1534979
What are the prime factors of 2295087372?
2, 3, 787067
What are the prime factors of 103305557?
1367, 75571
List the prime factors of 1144515252.
2, 3, 95376271
What are the prime factors of 1264730576?
2, 2531, 31231
What are the prime factors of 875008248?
2, 3, 101, 360977
List the prime factors of 1207884075.
3, 5, 29, 555349
List the prime factors of 31476724.
2, 17, 73, 373
List the prime factors of 69854676.
2, 3, 89, 65407
What are the prime factors of 70379663?
70379663
What are the prime factors of 1262933853?
3, 67, 6283253
What are the prime factors of 105654907?
347, 304481
List the prime factors of 1270028830.
2, 5, 7, 47, 71, 5437
What are the prime factors of 361701058?
2, 180850529
What are the prime factors of 109364459?
167, 654877
List the prime factors of 5361468084.
2, 3, 7, 23, 14683
List the prime factors of 1466503307.
79, 541, 34313
List the prime factors of 3629765159.
10501, 345659
What are the prime factors of 1292763984?
2, 3, 31, 868793
List the prime factors of 516014564.
2, 13, 379, 26183
What are the prime factors of 1535095760?
2, 5, 11, 41, 157, 271
What are the prime factors of 1278123743?
13, 98317211
What are the prime factors of 244629915?
3, 5, 17, 959333
What are the prime factors of 25577851?
13, 647, 3041
List the prime factors of 45321813.
3, 17, 296221
List the prime factors of 4956829432.
2, 47, 13183057
List the prime factors of 100527824.
2, 6282989
What are the prime factors of 23407894?
2, 11703947
List the prime factors of 124151971.
727, 170773
What are the prime factors of 39758694?
2, 3, 1811, 3659
What are the prime factors of 476449436?
2, 53, 271, 8293
List the prime factors of 57973984.
2, 23, 227, 347
List the prime factors of 1501792074.
2, 3, 83432893
What are the prime factors of 323640849?
3, 7, 17, 906557
List the prime factors of 2316380593.
73, 3581, 8861
List the prime factors of 33274440.
2, 3, 5, 17, 5437
What are the prime factors of 53463402?
2, 3, 17, 719
List the prime factors of 650515910.
2, 5, 11, 977, 6053
List the prime factors of 193418625.
3, 5, 515783
List the prime factors of 40408863.
3, 11, 43, 28477
What are the prime factors of 1199967602?
2, 599983801
List the prime factors of 46726306.
2, 11, 41, 51803
What are the prime factors of 37460029?
53, 706793
List the prime factors of 45516074.
2, 367, 62011
What are the prime factors of 8903408856?
2, 3, 370975369
List the prime factors of 126003636.
2, 3, 11, 318191
What are the prime factors of 38021140?
2, 5, 53, 35869
List the prime factors of 41371375.
5, 43, 179
List the prime factors of 341032045.
5, 19, 137, 26203
List the prime factors of 219739318.
2, 109869659
List the prime factors of 515313943.
503, 1024481
What are the prime factors of 51689776?
2, 89, 36299
What are the prime factors of 52609571?
7, 599, 12547
List the prime factors of 298652706.
2, 3, 11, 61, 79, 313
List the prime factors of 6507001587.
3, 31, 69967759
List the prime factors of 31699374.
2, 3, 7, 73, 211
What are the prime factors of 113641582?
2, 47, 73, 16561
What are the prime factors of 284800667?
71, 73, 54949
List the prime factors of 632395664.
2, 163, 242483
List the prime factors of 264054526.
2, 541, 244043
What are the prime factors of 121026543?
3, 11, 3667471
What are the prime factors of 677994140?
2, 5, 33899707
What are the prime factors of 601557783?
3, 61, 457, 7193
List the prime factors of 241537681.
7, 11, 59, 79, 673
What are the prime factors of 1500541824?
2, 3, 3907661
What are the prime factors of 634938458?
2, 7, 11, 157, 26261
List the prime factors of 4954496728.
2, 17, 47, 157, 4937
List the prime factors of 510638467.
29, 181, 97283
List the prime factors of 18932410.
2, 5, 7, 270463
List the prime factors of 1926447850.
2, 5, 359, 107323
What are the prime factors of 934333649?
934333649
List the prime factors of 74903883.
3, 1697, 14713
List the prime factors of 13733106.
2, 3, 277, 8263
What are the prime factors of 52072838?
2, 37, 751, 937
What are the prime factors of 35013238?
2, 13, 19, 70877
List the prime factors of 253243182.
2, 3, 541, 78017
What are the prime factors of 1328254094?
2, 23, 53, 544813
List the prime factors of 276344721.
3, 19, 191, 8461
List the prime factors of 67429565.
5, 7, 17, 113327
List the prime factors of 2436009319.
61, 79, 505501
What are the prime factors of 2052936508?
2, 7, 73319161
List the prime factors of 1095366876.
2, 3, 499, 182927
What are the prime factors of 61951468?
2, 17, 37, 24623
What are the prime factors of 67060347?
3, 31, 721079
What are the prime factors of 376643490?
2, 3, 5, 31, 173, 2341
What are the prime factors of 12823438?
2, 79, 277, 293
What are the prime factors of 46465683?
3, 11, 31, 53, 857
What are the prime factors of 445365245?
5, 13, 6851773
What are the prime factors of 75787202?
2, 151, 250951
What are the prime factors of 1544667632?
2, 96541727
List the prime factors of 90432267.
3, 19, 1586531
What are the prime factors of 114202664?
2, 89, 160397
List the prime factors of 34116722.
2, 17, 1003433
List the prime factors of 28879426.
2, 14439713
List the prime factors of 48644571.
3, 29, 559133
What are the prime factors of 42240973?
42240973
What are the prime factors of 253977292?
2, 3061, 20743
What are the prime factors of 39205132?
2, 19, 515857
List the prime factors of 115988385.
3, 5, 41, 151, 1249
What are the prime factors of 4564397979?
3, 169051777
What are the prime factors of 176885617?
23, 43, 178853
List the prime factors of 1865691670.
2, 5, 186569167
What are the prime factors of 110683502?
2, 37, 1495723
What are the prime factors of 18803107?
29, 648383
What are the prime factors of 128874486?
2, 3, 13, 1652237
What are the prime factors of 9